uppose 2*n - 802 = n + 2*g, 0 = n - 5*g - c. Suppose -n = 4*j - 6*j. Is j a composite number?
False
Let b = 685 - -4648. Is b a composite number?
False
Let v = -2 + 5. Suppose -641 = v*m - 5*a - 222, 25 = -5*a. Let y = 217 + m. Is y a composite number?
True
Suppose z = 4 - 7. Let d be 1*4*z/(-4). Suppose -2*f - 3*a = -4*f + 130, 0 = -4*f + d*a + 248. Is f a prime number?
True
Let u(x) = 352*x**3 + x**2 + 3*x - 31. Is u(3) composite?
False
Let d(o) = 289*o - 7. Is d(9) prime?
False
Suppose 2*f = -f + 2379. Let v = -160 + f. Is v a composite number?
True
Suppose -10 = 5*o, o - 1364 = -2*d + 4*o. Is d a composite number?
True
Suppose 16 = -23*b + 27*b. Suppose -2*m = -4, -b*m - 365 = -4*q + 199. Is q composite?
True
Let n = 715 + -125. Suppose 2*o - d - n = 0, -410 = -o - 5*d - 115. Is o a composite number?
True
Let k(c) = 2*c**2 + 18*c - 87. Is k(10) composite?
False
Let l(k) = -5*k + 2*k**2 + 514 + 2*k - k**2 + 289. Is l(0) prime?
False
Let m = 40342 - 3171. Is m prime?
True
Let p = 106 + -104. Is (8 - 7)/(p/(-12076)*-2) a composite number?
False
Suppose y = 0, 2*r + r + 4*y = 123. Let t = r - -3. Suppose m + t = 5*m. Is m a composite number?
False
Suppose 0 = -3*f - 1 + 16. Suppose -20 = -5*n, 2*n + 0*n + 1052 = f*k. Suppose 0*b = 4*b - k. Is b a composite number?
False
Let t(w) = -234*w + 2. Let r be (-9)/6*8/(-12). Let k be t(r). Let g = -153 - k. Is g a composite number?
False
Suppose 76 = -2*j + 466. Let d = 554 + j. Is d composite?
True
Let c = 25 + -42. Let b = c - -33. Let p = 30 - b. Is p composite?
True
Suppose 4*r = -t + 5*r + 3, -4*t + 15 = -r. Suppose -2*a + 654 = 4*k - 1474, k = t*a + 541. Is k a prime number?
False
Let l(r) = -r + 4. Let x be l(2). Suppose i + x = 7. Suppose i*o + 0*o = 1185. Is o prime?
False
Let z = -2004 - -3475. Is z prime?
True
Let h be (-63)/2*260/(-30). Suppose 5*l - 162 - h = 0. Is l a composite number?
True
Let x(p) = p**2 - 3*p - 1. Let w be x(3). Let f be 444 + 4*w/(-4). Suppose 6*m + i - f = 3*m, 0 = 2*m - i - 300. Is m prime?
True
Suppose -14*t - 12 = -12*t. Let m(q) = -q**3 + 2*q + 7. Is m(t) composite?
False
Let l(u) = 10236*u - 47. Is l(3) composite?
False
Let i(s) = 5*s - 5 - 15 + 0 + 10*s. Is i(5) composite?
True
Is 80142/266 + 6/(-21) prime?
False
Let g(l) = 2*l**3 - 2*l**3 + 0*l**3 + 5*l**2 - 4*l + l**3 - 2. Let d be g(-5). Let v = d - -183. Is v a prime number?
False
Let j be (-7)/49 + (-69)/7. Let g(n) = -2*n - 15. Let a be g(j). Suppose -a*m + 1300 = 5*i - 0*m, 5*i + 3*m = 1294. Is i prime?
True
Suppose 2*j + 0*j = 0. Let t(n) = n**2 - 8*n + 58. Let w be t(15). Is (1 - j/5)*w composite?
False
Suppose -3*b + d = -248, 163 + 243 = 5*b + 2*d. Let i = -3 + b. Is i a prime number?
True
Suppose -121980 = -5*c + 5*h, 0 = -9*c + 6*c - 4*h + 73195. Is c prime?
False
Let p = 413 - 854. Let y be (2 + -6)/2 + 738. Let m = y + p. Is m prime?
False
Suppose -10*r - 22*r + 114496 = 0. Is r prime?
False
Suppose 5*n - 53 = -2*l - 176, 153 = -3*l + 3*n. Let c be (-15)/(-2)*l/(-45). Is 79*2 - (6 - c) a prime number?
False
Let i(h) = h**2 - 7. Let n be i(3). Suppose -28 = -6*f + n*f. Is 89*(-4 + f - 2) prime?
True
Suppose 2*q + 10676 = 5*x, -2*x - q + 2138 = -x. Let d = -1403 + x. Is d a composite number?
False
Suppose 42 = i + 12. Suppose -2*q = q + 4*j + 11, -5*q + 3*j = -i. Is -26*q/(1 - 4) a prime number?
False
Suppose -21 = -5*n - 1. Suppose -f - 1365 = -5*w, -n*w - 2*f + 832 = -w. Is w a prime number?
False
Suppose -2*b + 14*b - 648 = 0. Let k = 172 - b. Is k a prime number?
False
Is 27739 + -6*2/4*2 composite?
False
Suppose 0 = 5*v - 68 - 147. Let o be v/5 + (-2)/(-5). Suppose -4*m + 610 = 4*h - o*m, 5*h = 3*m + 769. Is h prime?
False
Let x(m) = 109*m - 51. Is x(13) composite?
True
Let f(y) = 3*y**2 + 2*y + 1. Let i be f(-3). Suppose -5*d + 640 = -u, 3*u = 7 - i. Is d composite?
False
Let y = 3 - 3. Let b = 1 - y. Is b/(2/844*2) prime?
True
Suppose 492 = 111*z - 105*z. Is z composite?
True
Suppose -3*k = k - 160. Is (k/12)/((-4)/(-42)) composite?
True
Let o = -8764 + 16815. Is o composite?
True
Let f = 670 - 164. Suppose 90 = 4*k - f. Is k a composite number?
False
Suppose -4*b = -5*b + 2. Suppose 2*t + 2*t - 1066 = -3*o, -2*t = -b. Let n = o + -241. Is n a composite number?
False
Suppose 0 = 5*o + u - 2, 4*u + 4 = 6*u. Suppose -2*z - 2*z + 8 = o. Suppose -z*p + 4*k + 200 = 0, 0 = -4*k + 1 - 13. Is p composite?
True
Let u be -12*2*2/8. Let c(o) = -460*o + 24. Let t be c(-4). Is (u/8)/((-2)/t) prime?
False
Let l = -4482 + 8025. Is l prime?
False
Is (-63)/(-7) + (-6 - -2492) a composite number?
True
Suppose 0 = -6*y - 2*y + 664. Suppose 2*d + 0*d - 424 = 0. Let k = d + y. Is k prime?
False
Suppose -2*q = -2*d - 2567 - 3079, -4*q + 11267 = d. Is q prime?
False
Suppose -80617 = -2*p + 3*b - 6*b, 2*b - 10 = 0. Is p prime?
False
Let z(g) = 151*g + 28. Is z(3) prime?
False
Is 5149 + -1 + (-15 - -14) a composite number?
False
Let c(x) be the third derivative of -x**6/120 - x**5/20 + x**4/12 - 4*x**3/3 - 5*x**2. Let p be c(-4). Suppose 5*g - 11 - 9 = p. Is g a composite number?
True
Let n(y) = -y**2 + 12*y - 22. Let a be n(9). Suppose -2*f + 0*f + a*h + 811 = 0, -3*h - 15 = 0. Is f a composite number?
True
Let s(h) = -1 + 7*h**2 - 1 + 3*h - 1. Let l(p) = p - 6. Let x be l(3). Is s(x) a composite number?
True
Is -4 - 1 - (-2736)/9 a composite number?
True
Let x(k) = 9*k**2 - 16. Let y be x(-7). Let z = y + -52. Is z composite?
False
Suppose 0 = -3*s + 7*s + 8. Is -77*(-1 + s - -2) composite?
True
Let g = 17 + -23. Is ((-3068)/6)/(4/g) composite?
True
Suppose 14*s - 44013 - 55597 = 0. Is s prime?
False
Suppose 5*d - 9*y - 10905 = -4*y, d - 2175 = -2*y. Is d prime?
True
Let t = -3882 - -7985. Is t a composite number?
True
Suppose -7*s = n - 5*s - 27779, -5*n = 3*s - 138916. Is n composite?
True
Suppose -34*n + 31*n = -8691. Is n composite?
False
Suppose -5*f + 9*d + 100029 = 10*d, d - 80024 = -4*f. Is f prime?
False
Let o = 70 - -76. Suppose 2*m + 2*u = 18, 5*m - 6 = u + 9. Suppose -m*w + o = -170. Is w a prime number?
True
Let c = -1973 + 2858. Let x = c - 466. Is x a prime number?
True
Let x be (5 - 19)*2/4. Is (7/x)/(1/(-485)) prime?
False
Suppose -c - 9 = -4*c. Let f(b) be the third derivative of b**6/24 - b**5/20 + b**3/2 - 17*b**2. Is f(c) composite?
True
Let m(k) = k**2 - 3*k + 17. Let c be m(18). Suppose 3*n - 2*n = -5*w + 291, 2*n - c = -5*w. Is w a prime number?
True
Let h = 105 - -20. Suppose -3*g - 677 = -h. Let k = g - -737. Is k prime?
False
Let s = 290 + 525. Is s composite?
True
Let a(d) = 2*d**2 + 14*d + 33. Let g be a(-4). Suppose g*o - 1399 = 320. Is o prime?
True
Let v(o) = 1356*o**2 - 40*o + 87. Is v(2) prime?
True
Let k = -1919 - -43946. Is k prime?
False
Suppose 44 = -6*i + i - 2*s, -3*s = 2*i + 11. Let g = 17 + i. Suppose 4*p - g*p + 753 = 0. Is p composite?
False
Let j(z) = 104*z + 61. Is j(33) a composite number?
True
Let l(w) = -w - 2. Let d be l(-5). Let i(q) = -q + 5. Let m be i(d). Is m/8 + (-294)/(-8) composite?
False
Let v(f) = 8*f**2 + 8*f - 8. Let t be v(7). Suppose -3*a - 816 = -3*x, -4*x - 4*a - t + 1520 = 0. Is x a prime number?
True
Suppose -2*c - 2*a = -467 + 111, 5*c + a - 890 = 0. Let n = c - 55. Suppose -253 = -2*t - m, -4*t = -3*t + 4*m - n. Is t a composite number?
False
Suppose -13*w - 80 = -5*w. Let x(m) = -2*m**2 - 8*m + 11. Let s(h) = -h**2. Let t(k) = -s(k) - x(k). Is t(w) composite?
True
Suppose 452 = -10*d + 6*d. Let g be (-6)/(-21) + 108/14. Is d*4/(g/(-14)) a prime number?
False
Let o = 1081 - 692. Is o prime?
True
Let q be 3 + (3 - (1 - 0) - 3). Suppose -4*r + 1866 = 2*l, q*l + r = -251 + 2123. Is l prime?
True
Let j(f) = 8*f**2 - 77*f - 29. Is j(22) prime?
False
Let r = -102 + 90. Is (-3)/(-18) - 22810/r a composite number?
False
Let l = -9141 - -14002. Is l a prime number?
True
Let i(r) = 12*r + 96*r**2 + 10*r - 21*r - 10. Is i(-4) a prime number?
False
Let v(d) = d - 1. Let x be v(-10). Let n = x + 96. Is n composite?
True
Let d(w) = 9*w**3 + w**2 + 1. Let t be (-6)/2 - (-3 + -3). Is d(t) prime?
False
Suppose 4*x - 8 = -0*x. Suppose o + 63 - 1243 = 0. Suppose 6*a - o = x*a. Is a prime?
False
Let o(b) = b**2 + 8*b + 10. Let y be o(-7). Suppose 5*c + 5*a = 5945, 4*c = -2*a - y*a + 4752. Is c a composite number?
False
Suppose -2*d + 759 = s, -5*s + s + 768 =